the greatest common factor of 1 and z.
1
Suppose -9*b + 10*b - 75 = 0. Calculate the highest common divisor of b and 15.
15
Let p(d) = -d**2 - 13*d - 9. Suppose r = 1 + 2. Suppose x + r + 4 = 0. Let u be p(x). Calculate the highest common divisor of 3 and u.
3
Let h(p) be the third derivative of p**5/60 - 5*p**4/12 - 5*p**3/3 - 3*p**2. Let u be h(11). What is the highest common divisor of u and 1?
1
Let y(f) = -3*f + 79. Let o be y(24). Suppose i + 7 = 2*i. What is the highest common divisor of i and o?
7
Suppose 4*j - 7 = -5*r - 1, 5*j + r - 18 = 0. Suppose -3*m + 57 = 5*v, 5*v - 23 = -j*m + 38. Calculate the greatest common divisor of 81 and v.
9
Suppose -3*m + 4*m - 2*g + 2 = 0, 2*m - 5*g + 4 = 0. Let w be 10/1 + 1*m. What is the greatest common divisor of w and 32?
8
Suppose -25 = a - 10. Let b = -4 + a. Let t be (2*b)/(2/(-1)). What is the highest common divisor of 57 and t?
19
Suppose 0 = -3*p - 2*p. Suppose w + 1 + 2 = p, o = -w + 36. Let l = -19 + 45. Calculate the highest common factor of o and l.
13
Let t = -17 - -108. Let h = t + 17. Let p(m) = m**3 - m**2 - m + 12. Let z be p(0). What is the greatest common divisor of z and h?
12
Let p = 52 + 2. Let u be (-4)/16 - 25/(-4). Let g be u/27 - 104/(-18). Calculate the highest common factor of g and p.
6
Let m be -1 + (-8)/(-14) - 18350/(-350). What is the highest common factor of m and 468?
52
Suppose -40 = 3*b - 5*s, 2*b + 2 = -s - 3. Let h be 132 - 1 - (b + 1). Let x be 2/7 + (-103)/(-7). Calculate the greatest common factor of x and h.
15
Let q(h) = 3*h**2 - 12*h + 2. Let y be q(5). Calculate the highest common divisor of 51 and y.
17
Let b be (6 - 25/2)*(-1 + -1). What is the greatest common factor of 91 and b?
13
Let y(d) = d**2 + 2*d - 3. Let s be y(3). Calculate the highest common divisor of 8 and s.
4
Let o = -98 + 222. Let h be o/6 + 3/9. What is the highest common divisor of h and 189?
21
Suppose -63 + 17 = -2*x. Suppose 4*q + 7 - x = 0. Suppose -4*m + 36 = -m. Calculate the greatest common factor of m and q.
4
Let z(g) = 11*g + 4. Let b(y) = -y + 16. Let a be b(0). Suppose 4*m - 21 = 4*j + 19, -4*j = a. Let s be z(m). What is the greatest common divisor of s and 28?
14
Suppose -4 = -s + 77. Calculate the highest common divisor of s and 27.
27
Let s = -6 + 7. Let p be (-3 - -1)/(s/(-2)). Suppose 4*x = -0*x - 4*y + 64, -1 = -x + p*y. Calculate the highest common divisor of 104 and x.
13
Let t be (-5)/(-3) - 2/(-6). Suppose 5*x = 26 + 4. Calculate the greatest common divisor of t and x.
2
Suppose -5*h + 17 = 2. Suppose -4*o + 4 + 10 = -c, 12 = -h*c + 2*o. Let l be c/(45/(-39) + 1). What is the highest common factor of l and 39?
13
Suppose -2*o - 13 = 2*o + 5*g, -3*g = 15. Suppose o*p - 148 = -p. Let w = p + -17. Calculate the greatest common factor of w and 8.
4
Let r be (-156)/(-15)*(-5)/(-2). Let s = r + -79. Let c = s + 141. What is the highest common factor of 11 and c?
11
Suppose 3*m = -4*w - 10, 4*w + 1 + 1 = m. Let j be (-680)/(-28) + m/7. Calculate the greatest common divisor of j and 3.
3
Let t = 33 + -16. Suppose -5*z - t = 4*f - 51, 0 = 4*f + 16. What is the greatest common factor of z and 10?
10
Suppose 3*b = -s + 60, 0 = s - 3*s. Calculate the greatest common divisor of b and 4.
4
Let n(a) = a**2 + 3*a + 6. Let s be n(-5). Calculate the greatest common divisor of 8 and s.
8
Let f(t) = 2*t + 4. Let a be f(4). Calculate the greatest common divisor of a and 132.
12
Let u be 1/2*44 - -3. Calculate the highest common factor of u and 10.
5
Suppose -3*w = -7*w + 184. Calculate the greatest common factor of w and 115.
23
Let h(q) be the first derivative of -q**4/4 - 5*q**3/3 + 4*q - 3. Let i be h(-5). Let s be 2/8 + (-254)/(-8). Calculate the greatest common divisor of i and s.
4
Let u be (-1 - -1) + (15 - 5). Suppose -y + u = y. Calculate the highest common factor of y and 25.
5
Let m be (0 + 16)/(0 + (-1)/(-2)). What is the highest common divisor of 352 and m?
32
Let q(a) = a + 0*a + 12 - 2*a. Let f be q(-9). What is the highest common divisor of f and 105?
21
Suppose -i = 3*a - 46, -4 = -5*a + 6. Calculate the greatest common divisor of 8 and i.
8
Suppose 0 = -3*p + 9 + 36. Suppose -63 = -4*k + 3*u, 17*u - 13*u = -k + 11. Calculate the highest common factor of k and p.
15
Let h(d) be the first derivative of -d**4/2 - d**3 + d**2/2 + 2*d + 1. Let z be h(-3). Suppose 4 - 199 = -3*b. What is the highest common factor of z and b?
13
Let p(o) = o**3 - 5*o**2 + 2*o + 5. Let v be p(5). Let m(s) = s + 2. Let a be m(1). Calculate the greatest common divisor of v and a.
3
Let b(v) = -v**3 - 6*v**2 + v - 2. Let k be b(-7). What is the greatest common factor of k and 16?
8
Suppose 0 = 5*x - 372 - 123. What is the highest common divisor of x and 11?
11
Suppose -s = 5*l - 20, 4*s + 4 = -5*l + 9. Suppose 41 + 14 = l*g + 5*k, -k - 2 = 0. Calculate the highest common divisor of g and 143.
13
Let o be ((-170)/136)/((-1)/16). What is the greatest common divisor of 30 and o?
10
Let b(n) = -4*n - 16. Let x be b(-11). What is the highest common factor of 70 and x?
14
Let g = -11 + 7. Let r be 2/g + (-33)/(-2). Calculate the highest common divisor of 8 and r.
8
Suppose -5*b = -3*g - 54, -3*b = -5*b - 2*g + 12. Let h = 244 + -172. Calculate the highest common factor of h and b.
9
Suppose -r - 3 + 99 = 0. Calculate the highest common divisor of r and 48.
48
Let g(i) = -i + 25. Let u be g(14). Let f be 394/9 + ((-22)/(-18) - 1). What is the greatest common factor of u and f?
11
Suppose 5*t + 5*w - 55 = 0, -5*w = -3*t - 8 + 1. Suppose -o = -t*o + 65. Calculate the highest common divisor of o and 91.
13
Let b(z) = 3 + 3*z - 4 - 5*z - z**2 + z**3. Let g be b(3). Let a be (2/4)/(1/242). What is the greatest common factor of a and g?
11
Let w = -7 + 19. Suppose -o = -4*j - w, j - 3 = -o - 1. Calculate the highest common factor of o and 10.
2
Suppose -72 = -2*y + 176. Suppose s + 4*h - 68 = 0, y = -s + 4*s - 4*h. What is the greatest common factor of s and 12?
12
Let i = 21 + -14. Let d(n) = -2*n - 4*n - 9 + n. Let a be d(-6). What is the highest common factor of i and a?
7
Let k(c) be the second derivative of c**3/3 - 9*c**2/2 - 2*c. Let u be k(6). Calculate the highest common divisor of 3 and u.
3
Suppose 5*x = 2*x + 228. What is the highest common divisor of x and 38?
38
Suppose 0 = -5*g + 2*g, -5*g + 35 = 5*l. Suppose 3*f + 5*b - l - 61 = 0, -5*f - 3*b = -92. What is the greatest common factor of 128 and f?
16
Suppose -31 - 5 = -r. Calculate the greatest common divisor of 24 and r.
12
Let l = -25 - -30. What is the highest common divisor of l and 55?
5
Suppose 0 = -3*x - 2*i + 229, 3*x - 46 = 3*i + 188. What is the greatest common factor of 7 and x?
7
Let h be (2/4*3)/(9/84). Calculate the highest common divisor of 140 and h.
14
Let d = 815 - 567. What is the highest common divisor of d and 8?
8
Let a = -3 + 8. Let b = a - 3. Suppose b*k = 199 - 73. What is the highest common divisor of 7 and k?
7
Let i be (-16)/(-8)*11/2. What is the greatest common divisor of i and 88?
11
Let s = 27 + -27. Suppose -3*b - 4*j + 18 = s, -2*b + 5*b - 4*j = 18. What is the highest common factor of 6 and b?
6
Let y(n) = 18*n - 20. Let f be y(5). Calculate the highest common factor of 10 and f.
10
Suppose 0*l + 10 = 2*l. Let i = 7 - l. Suppose -g = -i - 4. What is the highest common divisor of 15 and g?
3
Let y be 5/5 + (2 - 1). Let v be y/(-4)*(0 + 0). Suppose -2*o + 87 - 3 = v. Calculate the highest common divisor of 14 and o.
14
Let h(t) = 2*t + 1. Let q be h(1). Suppose 6*i - 123 = q*i. Suppose 4*y + 0*d + 4*d = 44, 3*d = -4*y + i. Calculate the greatest common factor of y and 2.
2
Let o = -33 - -63. What is the greatest common divisor of 12 and o?
6
Suppose 4*t = -2*w + 32 + 20, w = 2*t - 26. Calculate the highest common divisor of 91 and t.
13
Suppose -12*x - 24 = -10*x. Let s = 23 + x. Calculate the highest common factor of 99 and s.
11
Let y be 6/(-15) - 8/5. Let r = 8 + y. Suppose -3*u = -r*u + 240. Calculate the greatest common factor of 32 and u.
16
Let t be 6*-33*(-4)/(-6). Let y be t/16*(-1 - 7). Calculate the greatest common factor of 22 and y.
22
Let t(s) = s**3 + 6*s**2 + 6*s + 7. Suppose 12 - 37 = 5*r. Let n be t(r). What is the greatest common factor of n and 3?
1
Let l be 2 + -61*(2 - 3). Let s 